{"id":7999,"date":"2023-09-11T08:40:46","date_gmt":"2023-09-11T06:40:46","guid":{"rendered":"https:\/\/www.psv-velbert.de\/?page_id=7999"},"modified":"2026-03-09T12:42:15","modified_gmt":"2026-03-09T10:42:15","slug":"psv-blog","status":"publish","type":"page","link":"https:\/\/www.psv-velbert.de\/?page_id=7999","title":{"rendered":"PSV Blog"},"content":{"rendered":"\n<p><strong>Neujahrsempfang 2026 im \u201eHaus Sondermann\u201c<\/strong><br>8. M\u00e4rz 2026<\/p>\n\n\n\n<figure class=\"wp-block-image size-large\"><img loading=\"lazy\" decoding=\"async\" width=\"2560\" height=\"1440\" src=\"https:\/\/www.psv-velbert.de\/wp-content\/uploads\/2026\/03\/P1010529-edited-scaled.jpg\" alt=\"\" class=\"wp-image-9557\" srcset=\"https:\/\/www.psv-velbert.de\/wp-content\/uploads\/2026\/03\/P1010529-edited-scaled.jpg 2560w, https:\/\/www.psv-velbert.de\/wp-content\/uploads\/2026\/03\/P1010529-edited-300x169.jpg 300w, https:\/\/www.psv-velbert.de\/wp-content\/uploads\/2026\/03\/P1010529-edited-1024x576.jpg 1024w, https:\/\/www.psv-velbert.de\/wp-content\/uploads\/2026\/03\/P1010529-edited-768x432.jpg 768w, https:\/\/www.psv-velbert.de\/wp-content\/uploads\/2026\/03\/P1010529-edited-1536x864.jpg 1536w, https:\/\/www.psv-velbert.de\/wp-content\/uploads\/2026\/03\/P1010529-edited-2048x1152.jpg 2048w\" sizes=\"auto, (max-width: 2560px) 100vw, 2560px\" \/><\/figure>\n\n\n\n<p>Der Vorstand hat geladen und die Mitglieder sind wieder sehr zahlreich in die Gastst\u00e4tte<a href=\"https:\/\/www.haus-sondermann.com\/\" data-type=\"link\" data-id=\"https:\/\/www.haus-sondermann.com\/\" target=\"_blank\" rel=\"noreferrer noopener\"> \u201eHaus Sondermann\u201c<\/a> gekommen. Dort fand am 8. M\u00e4rz der allj\u00e4hrliche Neujahrsempfang statt. Es wartete eine \u201eBergische Kaffeetafel\u201c auf unsere Vereinsmitglieder.<\/p>\n\n\n\n<p>Der 1. Vorsitzende Harald Gaude stellte kurz die unterschiedlichen Abteilungen des Mehrsparten-Verein vor. Es ist f\u00fcr neue Mitglieder immer wieder interessant zu erleben, welche verschiedenen Sportarten man im Post-Sportverein aus\u00fcben kann.<\/p>\n\n\n\n<p>Das Personal der Gastst\u00e4tte war wieder einmal sehr aufmerksam. Es reagierte schnell und flexibel auf die W\u00fcnsche der G\u00e4ste.<\/p>\n\n\n\n<p><strong>Nach dem Speisen wurden langj\u00e4hrige Mitglieder des Vereins geehrt:<\/strong><\/p>\n\n\n\n<p><strong>25 Jahre:<\/strong><br>Marlies Brunner, Marius Erley, Jennifer Ernenputsch, Wilfried Rocker.<\/p>\n\n\n\n<p><strong>40 Jahre:<\/strong><br>Rosemarie von der Burg, Uwe Gartzke, Klaus Makus, Dirk Pangritz, Volker Rottmann, Norbert Wirtz, Cornelia Zaus.<\/p>\n\n\n\n<p><strong>50 Jahre:<\/strong><br>Peter Hahnemann, Dieter Krause.<\/p>\n\n\n\n<div class=\"wp-block-columns is-layout-flex wp-container-core-columns-is-layout-9d6595d7 wp-block-columns-is-layout-flex\">\n<div class=\"wp-block-column is-layout-flow wp-block-column-is-layout-flow\"><\/div>\n<\/div>\n\n\nngg_shortcode_0_placeholder\n\n\n\n<p><\/p>\n\n\n\n<p><\/p>\n\n\n\n<p><\/p>\n\n\n\n<p><\/p>\n\n\n\n<p><\/p>\n\n\n\n<p><\/p>\n\n\n\n<p><strong>Wanderung durch den Langenhorster Wald<\/strong><br>Sonntag, den 19. Oktober 2025<\/p>\n\n\n\n<figure class=\"wp-block-image size-large\"><img loading=\"lazy\" decoding=\"async\" width=\"1024\" height=\"496\" src=\"https:\/\/www.psv-velbert.de\/wp-content\/uploads\/2025\/10\/PSV-Wandertag-19-10-2025-1-1024x496.jpg\" alt=\"\" class=\"wp-image-9194\" srcset=\"https:\/\/www.psv-velbert.de\/wp-content\/uploads\/2025\/10\/PSV-Wandertag-19-10-2025-1-1024x496.jpg 1024w, https:\/\/www.psv-velbert.de\/wp-content\/uploads\/2025\/10\/PSV-Wandertag-19-10-2025-1-300x145.jpg 300w, https:\/\/www.psv-velbert.de\/wp-content\/uploads\/2025\/10\/PSV-Wandertag-19-10-2025-1-768x372.jpg 768w, https:\/\/www.psv-velbert.de\/wp-content\/uploads\/2025\/10\/PSV-Wandertag-19-10-2025-1-1536x743.jpg 1536w, https:\/\/www.psv-velbert.de\/wp-content\/uploads\/2025\/10\/PSV-Wandertag-19-10-2025-1.jpg 2000w\" sizes=\"auto, (max-width: 1024px) 100vw, 1024px\" \/><\/figure>\n\n\n\n<p>Unser Gesch\u00e4ftsf\u00fchrer Dieter Krause hat wieder einmal Alles top vorbereitet. Mehr als 20 Wanderer haben sich um 11 Uhr zum Start an der Tennisanlage eingefunden. Mitglieder fast aller Abteilungen haben sich an der Wanderung beteiligt. Leicht bew\u00f6lkt war es, als wir gestartet sind. Sp\u00e4ter kam sogar die Sonne raus. Nach einer 2st\u00fcndigen Runde durch den Langenhoster Wald kehrten wir an unseren Ausgangsort zur\u00fcck.<\/p>\n\n\n\n<p>Mit einer hei\u00dfen Suppe und einem k\u00fchlen Getr\u00e4nk lie\u00dfen wir unseren Wandertag ausklingen. Es wurden viele sch\u00f6ne Gespr\u00e4che w\u00e4hrend der Wanderung und auch danach gef\u00fchrt.<\/p>\n\n\n\n<p>Eine gelungene Veranstaltung! Dieter, wir danken Dir daf\u00fcr!<\/p>\n\n\n\n<p><\/p>\n\n\n\n<p><strong>Unser Ehrenvorsitzende Eckhard N\u00f6lder ist gestorben<\/strong><\/p>\n\n\n\n<p>Am 13. April 2025 starb unser Ehrenvorsitzender Eckard N\u00f6ldner.<br>Mit ihm verlieren wir einen Menschen, der viel f\u00fcr unseren Verein getan hat. <br>Wir werden Ihn stets in der Erinnerung behalten und sein Wirken f\u00fcr den Verein nicht vergessen.<br><br><a href=\"https:\/\/www.psv-velbert.de\/wp-content\/uploads\/2025\/04\/Nachruf-Eckhard-Noeldner-04-2025.pdf\" data-type=\"link\" data-id=\"https:\/\/www.psv-velbert.de\/wp-content\/uploads\/2025\/04\/Nachruf-Eckhard-Noeldner-04-2025.pdf\" target=\"_blank\" rel=\"noreferrer noopener\"><strong>Nachruf<\/strong><\/a><\/p>\n\n\n\n<figure class=\"wp-block-image size-large is-style-default\"><img loading=\"lazy\" decoding=\"async\" width=\"768\" height=\"768\" src=\"https:\/\/www.psv-velbert.de\/wp-content\/uploads\/2025\/04\/Grabschmuck-Ecki-04-2025-768x768.jpg\" alt=\"\" class=\"wp-image-8800\" srcset=\"https:\/\/www.psv-velbert.de\/wp-content\/uploads\/2025\/04\/Grabschmuck-Ecki-04-2025-768x768.jpg 768w, https:\/\/www.psv-velbert.de\/wp-content\/uploads\/2025\/04\/Grabschmuck-Ecki-04-2025-300x300.jpg 300w, https:\/\/www.psv-velbert.de\/wp-content\/uploads\/2025\/04\/Grabschmuck-Ecki-04-2025-1536x1536.jpg 1536w, https:\/\/www.psv-velbert.de\/wp-content\/uploads\/2025\/04\/Grabschmuck-Ecki-04-2025.jpg 1732w\" sizes=\"auto, (max-width: 768px) 100vw, 768px\" \/><\/figure>\n\n\n\n<p><br><br><\/p>\n\n\n\n<p><strong>Neujahrsempfang 2025 im Haus Sondermann<\/strong><br>02.02.2025<\/p>\n\n\n\n<p>Nachdem wir vor 2 Jahren in dieser Gastst\u00e4tte unseren Neujahrempfang gefeiert haben, hat der neue Besitzer die R\u00e4umlichkeiten modernisiert. Sie sind heller und freundlicher geworden. Das Personal war sehr aufmerksam und zuvorkommend.<\/p>\n\n\n\n<p>Mehr als 80 Personen aus den verschiedenen Abteilungen unseres Vereins haben die Einladung des Vorstands angenommen. Sie erfreuten sich an einem reichhaltigen Fr\u00fchst\u00fccksbuffet und dem Gedankenaustausch mit dem Freunden aus dem Verein und nicht nur aus der eigenen Abteilung.<\/p>\n\n\n\n<p>H\u00f6hepunkt der Veranstaltung war die Auszeichnung der Jubilare. Mitglieder*innen, die 25 und mehr Jahre dem Verein die Treue gehalten haben. Besonders hervorzuheben ist dabei Bernd Becher, der auf eine 60j\u00e4hrige Mitgliedschaft zur\u00fcckblicken kann. Der Vorstand dankte den Jubilaren, dass sie dem Verein so lange die Treue gehalten haben.<\/p>\n\n\n\n<p>Im zur\u00fcckliegenden Jahr wurde der Vorstand tatkr\u00e4ftig von Lara Bergen unterst\u00fctzt, daf\u00fcr bedankte sich der 1. Vorsitzende mit einem Blumenstrau\u00df.<\/p>\n\n\n\n<figure class=\"wp-block-image size-large is-resized\"><img loading=\"lazy\" decoding=\"async\" width=\"2560\" height=\"1440\" src=\"https:\/\/www.psv-velbert.de\/wp-content\/uploads\/2025\/02\/Gruppe-edited-scaled.jpg\" alt=\"\" class=\"wp-image-8669\" style=\"width:778px;height:auto\" srcset=\"https:\/\/www.psv-velbert.de\/wp-content\/uploads\/2025\/02\/Gruppe-edited-scaled.jpg 2560w, https:\/\/www.psv-velbert.de\/wp-content\/uploads\/2025\/02\/Gruppe-edited-300x169.jpg 300w, https:\/\/www.psv-velbert.de\/wp-content\/uploads\/2025\/02\/Gruppe-edited-1024x576.jpg 1024w, https:\/\/www.psv-velbert.de\/wp-content\/uploads\/2025\/02\/Gruppe-edited-768x432.jpg 768w, https:\/\/www.psv-velbert.de\/wp-content\/uploads\/2025\/02\/Gruppe-edited-1536x864.jpg 1536w, https:\/\/www.psv-velbert.de\/wp-content\/uploads\/2025\/02\/Gruppe-edited-2048x1152.jpg 2048w\" sizes=\"auto, (max-width: 2560px) 100vw, 2560px\" \/><figcaption class=\"wp-element-caption\">OLYMPUS DIGITAL CAMERA<\/figcaption><\/figure>\n\n\n\n<p><\/p>\n\n\n\n<p><\/p>\n\n\n\n<p><strong>Sports-Action-Day Velbert 2024<br>Der Post-Sportverein Velbert war dabei!<\/strong><br>24.11.2024<\/p>\n\n\n\n<figure class=\"wp-block-image size-large is-resized is-style-default\"><img loading=\"lazy\" decoding=\"async\" width=\"1024\" height=\"462\" src=\"https:\/\/www.psv-velbert.de\/wp-content\/uploads\/2024\/11\/20241116_112438-1024x462.jpg\" alt=\"\" class=\"wp-image-8588\" style=\"width:740px;height:auto\" srcset=\"https:\/\/www.psv-velbert.de\/wp-content\/uploads\/2024\/11\/20241116_112438-1024x462.jpg 1024w, https:\/\/www.psv-velbert.de\/wp-content\/uploads\/2024\/11\/20241116_112438-300x135.jpg 300w, https:\/\/www.psv-velbert.de\/wp-content\/uploads\/2024\/11\/20241116_112438-768x346.jpg 768w, https:\/\/www.psv-velbert.de\/wp-content\/uploads\/2024\/11\/20241116_112438-1536x692.jpg 1536w, https:\/\/www.psv-velbert.de\/wp-content\/uploads\/2024\/11\/20241116_112438-2048x923.jpg 2048w\" sizes=\"auto, (max-width: 1024px) 100vw, 1024px\" \/><\/figure>\n\n\n\n<p>Der Kreis-Sport-Bund Mettmann (KSB) hat die Velberter Grundschulkinder zu einer aktiven Sport-Informationsmesse eingeladen. Velberter Sportvereine haben sich am Samstag, den 16 November 2024 den Grundsch\u00fcler*innen vorgestellt. In der Zeit von 10 \u2013 13 Uhr konnten die Kinder im EMKA Sportzentrum verschiedene Sportarten ausprobieren.<\/p>\n\n\n\n<p>Unsere Badminton-Abteilung war dort auch mit 2 Trainern und 4 Personen als Unterst\u00fctzungs-Personal vertreten. Auf unserem etwas verkleinerten Badminton-Feld konnte Klein und Gro\u00df unseren Sport einmal ausprobieren. Das Angebot wurde gerne angenommen. Bis zur letzten Minute tummelten sich Interessierte auf dem Feld. Die Zeit verging, wie im Flug.<\/p>\n\n\n\n<p>Wir freuen uns, wenn die Eine oder der Andere zu einem Probetraining in unserer Halle an der Langenberger Str. kommen. Lassen wir uns \u00fcberraschen.<\/p>\n\n\n\n<div class=\"wp-block-group is-layout-grid wp-container-core-group-is-layout-9649a0d9 wp-block-group-is-layout-grid\"><\/div>\n\n\n\n<p><\/p>\n\n\n\n<p><\/p>\n\n\n\n<p><\/p>\n\n\n\n<div class=\"wp-block-group\"><div class=\"wp-block-group__inner-container is-layout-constrained wp-block-group-is-layout-constrained\">\n<p><strong>Der Postsportverein Velbert wandert<\/strong><\/p>\n\n\n\n<p>20.10.2024<br>An einem sonnigen Sonntagmorgen trafen sich circa 50 Mitglieder*innen des Vereins zum gemeinsamen Wandern am Vereinsheim der Tennis-Abteilung. Die 1. Gruppe startete um 11 Uhr, <\/p>\n\n\n\n<figure class=\"wp-block-image size-large is-resized\"><img loading=\"lazy\" decoding=\"async\" width=\"1024\" height=\"495\" src=\"https:\/\/www.psv-velbert.de\/wp-content\/uploads\/2024\/10\/Bild-20-10-2024-1-1-1-1024x495.jpg\" alt=\"\" class=\"wp-image-8525\" style=\"width:728px;height:auto\" srcset=\"https:\/\/www.psv-velbert.de\/wp-content\/uploads\/2024\/10\/Bild-20-10-2024-1-1-1-1024x495.jpg 1024w, https:\/\/www.psv-velbert.de\/wp-content\/uploads\/2024\/10\/Bild-20-10-2024-1-1-1-300x145.jpg 300w, https:\/\/www.psv-velbert.de\/wp-content\/uploads\/2024\/10\/Bild-20-10-2024-1-1-1-768x372.jpg 768w, https:\/\/www.psv-velbert.de\/wp-content\/uploads\/2024\/10\/Bild-20-10-2024-1-1-1-1536x743.jpg 1536w, https:\/\/www.psv-velbert.de\/wp-content\/uploads\/2024\/10\/Bild-20-10-2024-1-1-1.jpg 1600w\" sizes=\"auto, (max-width: 1024px) 100vw, 1024px\" \/><\/figure>\n\n\n\n<p>die 2. Gruppe startete um 12 Uhr. <\/p>\n\n\n\n<figure class=\"wp-block-image size-large is-resized\"><img loading=\"lazy\" decoding=\"async\" width=\"1024\" height=\"768\" src=\"https:\/\/www.psv-velbert.de\/wp-content\/uploads\/2024\/10\/Bild-20-10-2024-2-1-1024x768.jpg\" alt=\"\" class=\"wp-image-8526\" style=\"width:580px;height:auto\" srcset=\"https:\/\/www.psv-velbert.de\/wp-content\/uploads\/2024\/10\/Bild-20-10-2024-2-1-1024x768.jpg 1024w, https:\/\/www.psv-velbert.de\/wp-content\/uploads\/2024\/10\/Bild-20-10-2024-2-1-300x225.jpg 300w, https:\/\/www.psv-velbert.de\/wp-content\/uploads\/2024\/10\/Bild-20-10-2024-2-1-768x576.jpg 768w, https:\/\/www.psv-velbert.de\/wp-content\/uploads\/2024\/10\/Bild-20-10-2024-2-1-1536x1152.jpg 1536w, https:\/\/www.psv-velbert.de\/wp-content\/uploads\/2024\/10\/Bild-20-10-2024-2-1.jpg 1600w\" sizes=\"auto, (max-width: 1024px) 100vw, 1024px\" \/><\/figure>\n\n\n\n<p>Kurz nach 13 Uhr trafen beide Gruppen gemeinsam wieder an der Krehwinkler H\u00f6fe ein. In der Zwischenzeit hat der Party-Service die Erbsensuppe geliefert. Die Suppe war schnell an die Teilnehmer verteilt. Dieter hatte ebenfalls f\u00fcr die richtige Getr\u00e4nke gesorgt. F\u00fcr jeden war etwas dabei. Wir finden, es war eine rundum gelungene Veranstaltung.<\/p>\n\n\n\n<div class=\"wp-block-group alignwide\"><div class=\"wp-block-group__inner-container is-layout-constrained wp-block-group-is-layout-constrained\">\n<div class=\"wp-block-columns alignwide is-layout-flex wp-container-core-columns-is-layout-9d6595d7 wp-block-columns-is-layout-flex\">\n<div class=\"wp-block-column is-layout-flow wp-block-column-is-layout-flow\" style=\"flex-basis:100%\"><\/div>\n<\/div>\n<\/div><\/div>\n\n\n\n<div class=\"wp-block-group is-vertical is-layout-flex wp-container-core-group-is-layout-8cf370e7 wp-block-group-is-layout-flex\"><\/div>\n\n\n\n<p><\/p>\n\n\n\n<p><strong>Der PSV beteiligt sich am Familiensporttag der Stadt Velbert<\/strong><\/p>\n\n\n\n<p>Die Stadt Velbert hat zu einem Familiensporttag am Samstag, den 19. August 2023 sportinteressierte Familien eingeladen. In und um die Sporthalle Birth herum haben sich Velberter Sportvereine mit ihrem Angebot vorgestellt. Darunter auch der Post-Sportverein.<\/p>\n\n\n\n<p>Spieler:innen der Badminton- Abteilung haben in der Turnhalle zwei Netze aufgebaut. Dort haben Kinder und Eltern den Sport ausprobiert. Unser Jungendtrainer Nils Hartmann hat ein Geschicklichkeitsspiel vorbereitet. Viele Kindern konnten so ihre Treffersicherheit und ihre Geschicklichkeit mit einem Badminton-Schl\u00e4ger unter Beweis stellen.<br> <img loading=\"lazy\" decoding=\"async\" width=\"150\" height=\"259\" class=\"wp-image-8054\" style=\"width: 150px;\" src=\"https:\/\/www.psv-velbert.de\/wp-content\/uploads\/2023\/09\/IMG-20230819-WA0002-002.jpg\" alt=\"\" srcset=\"https:\/\/www.psv-velbert.de\/wp-content\/uploads\/2023\/09\/IMG-20230819-WA0002-002.jpg 927w, https:\/\/www.psv-velbert.de\/wp-content\/uploads\/2023\/09\/IMG-20230819-WA0002-002-174x300.jpg 174w, https:\/\/www.psv-velbert.de\/wp-content\/uploads\/2023\/09\/IMG-20230819-WA0002-002-445x768.jpg 445w, https:\/\/www.psv-velbert.de\/wp-content\/uploads\/2023\/09\/IMG-20230819-WA0002-002-768x1326.jpg 768w, https:\/\/www.psv-velbert.de\/wp-content\/uploads\/2023\/09\/IMG-20230819-WA0002-002-890x1536.jpg 890w\" sizes=\"auto, (max-width: 150px) 100vw, 150px\" \/>   <img loading=\"lazy\" decoding=\"async\" width=\"150\" height=\"113\" class=\"wp-image-8053\" style=\"width: 150px;\" src=\"https:\/\/www.psv-velbert.de\/wp-content\/uploads\/2023\/09\/IMG-20230819-WA0000-002.jpg\" alt=\"\" srcset=\"https:\/\/www.psv-velbert.de\/wp-content\/uploads\/2023\/09\/IMG-20230819-WA0000-002.jpg 1600w, https:\/\/www.psv-velbert.de\/wp-content\/uploads\/2023\/09\/IMG-20230819-WA0000-002-300x225.jpg 300w, https:\/\/www.psv-velbert.de\/wp-content\/uploads\/2023\/09\/IMG-20230819-WA0000-002-1024x768.jpg 1024w, https:\/\/www.psv-velbert.de\/wp-content\/uploads\/2023\/09\/IMG-20230819-WA0000-002-768x576.jpg 768w, https:\/\/www.psv-velbert.de\/wp-content\/uploads\/2023\/09\/IMG-20230819-WA0000-002-1536x1152.jpg 1536w\" sizes=\"auto, (max-width: 150px) 100vw, 150px\" \/><br>Mitglieder:innen der Tennis-Abteilung haben auf dem Sportplatz Kindern und Erwachsenen erste Schl\u00e4ge mit einem Tennisschl\u00e4ger erm\u00f6glicht. Teilweise ist es sogar zu kurzen Ballwechseln gekommen.<\/p>\n\n\n\n<p>Zur\u00fcckblickend betrachtet, eine gelungene Veranstaltung. Sicher wird die Eine oder der Andere zu einem Probetraining in die Halle oder auf die Anlage kommen, und vielleicht sogar Mitglied in unserem Verein werden.<\/p>\n\n\n\n<p>Alle Beteiligten hat es sehr viel Spa\u00df gemacht. Wir bedanken uns bei Allen, die diesen Tag erst m\u00f6glich gemacht haben. <br>Vielen Dank f\u00fcr Euer gro\u00dfes Engagement!<\/p>\n\n\n\n<p><strong>Save the Day:<\/strong> Der n\u00e4chste Familiensporttag wird am 14. September 2024 stattfinden!<\/p>\n<\/div><\/div>\n\n\nngg_shortcode_1_placeholder","protected":false},"excerpt":{"rendered":"<p>Neujahrsempfang 2026 im \u201eHaus Sondermann\u201c8. M\u00e4rz 2026 Der Vorstand hat geladen und die Mitglieder sind wieder sehr zahlreich in die Gastst\u00e4tte \u201eHaus Sondermann\u201c gekommen. Dort fand am 8. M\u00e4rz der allj\u00e4hrliche Neujahrsempfang statt. Es wartete eine \u201eBergische Kaffeetafel\u201c auf unsere Vereinsmitglieder. Der 1. Vorsitzende Harald Gaude stellte kurz die unterschiedlichen Abteilungen des Mehrsparten-Verein vor. Es&#8230;<\/p>\n","protected":false},"author":16,"featured_media":0,"parent":0,"menu_order":0,"comment_status":"closed","ping_status":"closed","template":"","meta":{"ngg_post_thumbnail":0,"_kad_post_transparent":"","_kad_post_title":"","_kad_post_layout":"","_kad_post_sidebar_id":"","_kad_post_content_style":"","_kad_post_vertical_padding":"","_kad_post_feature":"","_kad_post_feature_position":"","_kad_post_header":false,"_kad_post_footer":false,"_kad_post_classname":"","footnotes":""},"class_list":["post-7999","page","type-page","status-publish","hentry"],"_links":{"self":[{"href":"https:\/\/www.psv-velbert.de\/index.php?rest_route=\/wp\/v2\/pages\/7999","targetHints":{"allow":["GET"]}}],"collection":[{"href":"https:\/\/www.psv-velbert.de\/index.php?rest_route=\/wp\/v2\/pages"}],"about":[{"href":"https:\/\/www.psv-velbert.de\/index.php?rest_route=\/wp\/v2\/types\/page"}],"author":[{"embeddable":true,"href":"https:\/\/www.psv-velbert.de\/index.php?rest_route=\/wp\/v2\/users\/16"}],"replies":[{"embeddable":true,"href":"https:\/\/www.psv-velbert.de\/index.php?rest_route=%2Fwp%2Fv2%2Fcomments&post=7999"}],"version-history":[{"count":63,"href":"https:\/\/www.psv-velbert.de\/index.php?rest_route=\/wp\/v2\/pages\/7999\/revisions"}],"predecessor-version":[{"id":9609,"href":"https:\/\/www.psv-velbert.de\/index.php?rest_route=\/wp\/v2\/pages\/7999\/revisions\/9609"}],"wp:attachment":[{"href":"https:\/\/www.psv-velbert.de\/index.php?rest_route=%2Fwp%2Fv2%2Fmedia&parent=7999"}],"curies":[{"name":"wp","href":"https:\/\/api.w.org\/{rel}","templated":true}]}}